{"id":3342,"date":"2023-11-21T08:39:10","date_gmt":"2023-11-21T14:39:10","guid":{"rendered":"https:\/\/tecnopec.com\/tecnologia-produccion-pecuaria\/?post_type=product&#038;p=3342"},"modified":"2023-11-21T08:39:10","modified_gmt":"2023-11-21T14:39:10","slug":"ambic-mastitis-tazon-oscuro-asc-700","status":"publish","type":"product","link":"https:\/\/tecnopec.com\/tecnologia-produccion-pecuaria\/index.php\/product\/ambic-mastitis-tazon-oscuro-asc-700\/","title":{"rendered":"AMBIC MASTITIS TAZON OSCURO ASC-700"},"content":{"rendered":"","protected":false},"excerpt":{"rendered":"<p>La aut\u00e9ntica Taza de Orde\u00f1o Ambic debe ser utilizada para ser apreciada. Esta taza de orde\u00f1o definitiva tiene un di\u00e1metro un 50% m\u00e1s ancho (6 1\/4&#8243;) y una mayor capacidad con una pr\u00e1ctica pantalla negra antisalpicaduras para detectar la leche infectada con mastitis. La pantalla de encaje se puede quitar con un simple movimiento del pulgar, eliminando el contacto con la leche potencialmente infectada. Vaciar y limpiar es simple y r\u00e1pido.<\/p>\n<p>Ambic Equipment Limited es l\u00edder mundial en el desarrollo y producci\u00f3n de una amplia gama de productos para la higiene l\u00e1ctea, la salud de la ubre y la gesti\u00f3n de la salud del ganado, especializ\u00e1ndose en la prevenci\u00f3n y detecci\u00f3n de mastitis.<\/p>\n","protected":false},"featured_media":3343,"comment_status":"open","ping_status":"closed","template":"","meta":[],"product_brand":[],"product_cat":[76],"product_tag":[],"class_list":{"0":"post-3342","1":"product","2":"type-product","3":"status-publish","4":"has-post-thumbnail","6":"product_cat-repuestos-para-salas-de-ordeno","8":"first","9":"instock","10":"shipping-taxable","11":"product-type-simple"},"_links":{"self":[{"href":"https:\/\/tecnopec.com\/tecnologia-produccion-pecuaria\/index.php\/wp-json\/wp\/v2\/product\/3342","targetHints":{"allow":["GET"]}}],"collection":[{"href":"https:\/\/tecnopec.com\/tecnologia-produccion-pecuaria\/index.php\/wp-json\/wp\/v2\/product"}],"about":[{"href":"https:\/\/tecnopec.com\/tecnologia-produccion-pecuaria\/index.php\/wp-json\/wp\/v2\/types\/product"}],"replies":[{"embeddable":true,"href":"https:\/\/tecnopec.com\/tecnologia-produccion-pecuaria\/index.php\/wp-json\/wp\/v2\/comments?post=3342"}],"wp:featuredmedia":[{"embeddable":true,"href":"https:\/\/tecnopec.com\/tecnologia-produccion-pecuaria\/index.php\/wp-json\/wp\/v2\/media\/3343"}],"wp:attachment":[{"href":"https:\/\/tecnopec.com\/tecnologia-produccion-pecuaria\/index.php\/wp-json\/wp\/v2\/media?parent=3342"}],"wp:term":[{"taxonomy":"product_brand","embeddable":true,"href":"https:\/\/tecnopec.com\/tecnologia-produccion-pecuaria\/index.php\/wp-json\/wp\/v2\/product_brand?post=3342"},{"taxonomy":"product_cat","embeddable":true,"href":"https:\/\/tecnopec.com\/tecnologia-produccion-pecuaria\/index.php\/wp-json\/wp\/v2\/product_cat?post=3342"},{"taxonomy":"product_tag","embeddable":true,"href":"https:\/\/tecnopec.com\/tecnologia-produccion-pecuaria\/index.php\/wp-json\/wp\/v2\/product_tag?post=3342"}],"curies":[{"name":"wp","href":"https:\/\/api.w.org\/{rel}","templated":true}]}}